of 145?
True
Does 374 divide 121176?
True
Is 6654935 a multiple of 161?
True
Does 9 divide 185670?
True
Does 185 divide 71780?
True
Does 12 divide 1187064?
True
Is 381480 a multiple of 13?
False
Is 46 a factor of 578082?
True
Is 79959 a multiple of 13?
False
Is 1380342 a multiple of 8?
False
Does 298 divide 2587272?
False
Does 246 divide 1884114?
True
Does 72 divide 9738?
False
Is 5 a factor of 241247?
False
Is 23 a factor of 3693156?
True
Is 20 a factor of 4189880?
True
Is 26 a factor of 311220?
True
Is 28438 a multiple of 16?
False
Is 22 a factor of 2851145?
False
Is 45 a factor of 8111444?
False
Is 149 a factor of 944564?
False
Is 1907849 a multiple of 367?
False
Does 105 divide 34545?
True
Is 54 a factor of 598325?
False
Is 681887 a multiple of 528?
False
Is 268 a factor of 162834?
False
Is 986599 a multiple of 206?
False
Does 36 divide 21600?
True
Is 21838248 a multiple of 346?
False
Does 36 divide 9531864?
True
Is 1247999 a multiple of 284?
False
Is 109110 a multiple of 30?
True
Is 1969394 a multiple of 74?
False
Is 42 a factor of 1580124?
True
Is 7 a factor of 3507018?
False
Is 145120 a multiple of 13?
False
Is 363 a factor of 1268685?
True
Is 43 a factor of 289132?
True
Does 22 divide 1148312?
True
Does 353 divide 1647451?
True
Is 69552 a multiple of 69?
True
Is 45708 a multiple of 196?
False
Is 222 a factor of 816072?
True
Is 13 a factor of 2788049?
False
Is 179 a factor of 515756?
False
Does 597 divide 4100793?
True
Is 21 a factor of 357189?
True
Is 64 a factor of 525052?
False
Is 78272 a multiple of 24?
False
Is 7 a factor of 285758?
False
Is 24224 a multiple of 9?
False
Does 95 divide 28880?
True
Is 16 a factor of 2012432?
True
Is 15 a factor of 108675?
True
Does 80 divide 112537?
False
Is 4 a factor of 45854?
False
Does 505 divide 189501?
False
Is 122681 a multiple of 13?
True
Is 129586 a multiple of 14?
False
Does 412 divide 142552?
True
Is 2716088 a multiple of 214?
True
Is 105 a factor of 1512945?
True
Does 15 divide 678239?
False
Is 5 a factor of 2123615?
True
Does 41 divide 292043?
True
Does 22 divide 184434?
False
Is 2 a factor of 110983?
False
Is 100926 a multiple of 81?
True
Does 179 divide 590000?
False
Does 269 divide 252259?
False
Is 15 a factor of 2711970?
True
Is 4 a factor of 111391?
False
Is 143 a factor of 878564?
False
Does 323 divide 388800?
False
Is 2604 a multiple of 62?
True
Is 4101605 a multiple of 413?
False
Is 940 a factor of 674920?
True
Is 2003 a factor of 3921874?
True
Is 799173 a multiple of 7?
False
Does 254 divide 656399?
False
Is 231574 a multiple of 278?
True
Does 330 divide 4993560?
True
Is 56599 a multiple of 58?
False
Does 49 divide 198940?
True
Does 88 divide 74536?
True
Is 16 a factor of 571831?
False
Is 158 a factor of 1141708?
True
Is 5806445 a multiple of 10?
False
Is 22 a factor of 62509?
False
Is 15 a factor of 6870?
True
Is 9900 a multiple of 275?
True
Is 6712956 a multiple of 17?
False
Is 11 a factor of 316981?
False
Does 114 divide 1159877?
False
Is 198814 a multiple of 22?
True
Is 182952 a multiple of 126?
True
Is 787 a factor of 542849?
False
Is 246528 a multiple of 48?
True
Is 24 a factor of 13015?
False
Does 119 divide 93772?
True
Is 1625 a multiple of 2?
False
Is 44 a factor of 131905?
False
Does 7 divide 78549?
False
Does 41 divide 149831?
False
Does 16 divide 1099376?
True
Does 3 divide 41487?
True
Does 367 divide 39960?
False
Is 45007 a multiple of 22?
False
Is 99 a factor of 754504?
False
Is 158850 a multiple of 13?
False
Is 4010669 a multiple of 1233?
False
Is 48 a factor of 3297704?
False
Does 4 divide 102764?
True
Is 102844 a multiple of 7?
True
Does 18 divide 238320?
True
Is 13 a factor of 11044579?
True
Does 7 divide 18915?
False
Does 71 divide 192055?
True
Is 271188 a multiple of 558?
True
Does 1852 divide 13686772?
False
Is 1704428 a multiple of 6?
False
Is 11230175 a multiple of 421?
True
Is 991 a factor of 9067650?
True
Is 25813528 a multiple of 52?
True
Is 18171000 a multiple of 125?
True
Is 25 a factor of 265888?
False
Is 3324201 a multiple of 129?
True
Is 23 a factor of 392748?
True
Does 97 divide 1427787?
False
Is 7287044 a multiple of 769?
True
Does 12 divide 1839735?
False
Is 377489 a multiple of 3?
False
Is 73 a factor of 125893?
False
Is 526115 even?
False
Does 29 divide 363718?
True
Is 156292 a multiple of 51?
False
Is 1865248 a multiple of 112?
True
Is 552392 a multiple of 7?
False
Is 10118960 a multiple of 295?
False
Is 125 a factor of 1445?
False
Does 20 divide 83680?
True
Is 26 a factor of 3822520?
True
Does 129 divide 9866506?
False
Does 84 divide 81451?
False
Is 7 a factor of 2692788?
True
Is 410 a factor of 3142240?
True
Does 8 divide 650646?
False
Does 394 divide 31520?
True
Is 3359410 a multiple of 101?
False
Does 385 divide 812529?
False
Does 524 divide 264096?
True
Is 14 a factor of 63700?
True
Does 7 divide 820085?
True
Is 288 a factor of 38723?
False
Is 33 a factor of 2923008?
True
Is 250100 a multiple of 122?
True
Does 6 divide 118438?
False
Is 71 a factor of 258788?
False
Is 757423 a multiple of 28?
False
Does 27 divide 3061584?
True
Does 22 divide 5926974?
False
Is 430 a factor of 1972840?
True
Is 5 a factor of 274850?
True
Is 1019 a factor of 2334529?
True
Is 527 a factor of 165478?
True
Does 19 divide 238051?
True
Does 3 divide 290685?
True
Is 172669 a multiple of 7?
True
Is 87 a factor of 1364595?
True
Is 1192244 a multiple of 356?
True
Is 45 a factor of 2402988?
False
Does 14 divide 103866?
True
Is 35 a factor of 138845?
True
Is 5 a factor of 107677?
False
Is 12 a factor of 2098812?
True
Is 2597293 a multiple of 18?
False
Is 27670 a multiple of 10?
True
Does 33 divide 73062?
True
Does 6 divide 107832?
True
Is 1370270 a multiple of 25?
False
Is 982 a factor of 2072419?
False
Is 113 a factor of 1138136?
True
Is 285804 a multiple of 17?
True
Is 1276878 a multiple of 59?
True
Is 342 a factor of 3426710?
False
Is 316703 a multiple of 3?
False
Is 2523048 a multiple of 27?
False
Does 64 divide 318400?
True
Does 13 divide 2429505?
True
Is 312275 a multiple of 25?
True
Does 434 divide 301424?
False
Is 41 a factor of 204896?
False
Is 12300 a multiple of 15?
True
Is 68608 a multiple of 191?
False
Is 183325 a multiple of 7?
False
Does 255 divide 1093143?
False
Does 23 divide 56789?
False
Is 29 a factor of 34490770?
False
Is 46 a factor of 933093?
False
Is 1830 a multiple of 467?
False
Is 59 a factor of 907125?
True
Is 6 a factor of 9085878?
True
Does 373 divide 2639348?
True
Is 51 a factor of 545306?
False
Does 48 divide 1205926?
False
Does 5 divide 8720?
True
Does 91 divide 311267?
False
Does 19 divide 467661?
False
Is 1755746 a multiple of 2298?
False
Is 202 a factor of 722700?
False
Is 44 a factor of 43384?
True
Is 3 a factor of 204900?
True
Is 1254198 a multiple of 66?
True
Is 88 a factor of 1288232?
True
Is 27 a factor of 3641396?
False
Does 6 divide 373961?
False
Is 212406 a multiple of 63?
False
Does 439 divide 17481419?
True
Is 243054 a multiple of 14?
True
Does 209 divide 1615779?
True
Does 16 divide 544740?
False
Is 344 a factor of 254560?
True
Is 18 a factor of 108162?
True
Is 60 a factor of 1856858?
False
Is 251892 a multiple of 17?
False
Is 60 a factor of 986922?
False
Is 37 a factor of 124517?
False
Is 16 a factor of 234464?
True
Is 391356 a multiple of 84?
True
Is 109 a factor of 3602835?
False
Is 54594 a multiple of 147?
False
Does 90 divide 12364?
False
Does 11 divide 18859358?
False
Does 22 divide 69916?
True
Is 23 a factor of 7593?
False
Is 3 a factor of 309185?
False
Is 12998 a multiple of 7?
False
Is 1768140 a multiple of 18?
True
Is 988754 a multiple of 442?
True
Does 42 divide 3122490?
True
Does 31 divide 1502415?
True
Is 102 a factor of 3689136?
True
Does 572 divide 5797215?
False
Does 439 divide 129944?
True
Is 142 a factor of 7952?
True
Is 75 a factor of 2038050?
True
Does 303 divide 7159284?
True
Is 88465 a multiple of 11?
False
Does 41 divide 62821?
False
Is 96 a factor of 131507?
False
Is 4 a factor of 94912?
True
Is 223184 a multiple of 208?
True
Does 3 divide 2566?
False
Is 699 a factor of 1940424?
True
Is 25479 a multiple of 180?
False
Does 776 divide 1832136?
True
Is 153 a factor of 881280?
True
Is 31 a factor of 4391784?
False
Is 36 a factor of 3275316?
True
Is 9 a factor of 92583?
True
Is 57 a factor of 1345285?
